{"id":312,"date":"2016-08-31T14:32:42","date_gmt":"2016-08-31T13:32:42","guid":{"rendered":"http:\/\/localhost\/wordpress\/?page_id=312"},"modified":"2016-08-31T14:32:42","modified_gmt":"2016-08-31T13:32:42","slug":"unsere-fahne","status":"publish","type":"page","link":"https:\/\/gtvnaefels.ch\/?page_id=312","title":{"rendered":"Unsere Fahne"},"content":{"rendered":"<p><span style=\"font-family: arial, helvetica, sans-serif;\"><b><img loading=\"lazy\" decoding=\"async\" class=\"size-medium wp-image-313 alignleft\" src=\"http:\/\/localhost\/wordpress\/wp-content\/uploads\/2016\/08\/fahne-200x300.jpg\" alt=\"fahne\" width=\"200\" height=\"300\" srcset=\"https:\/\/gtvnaefels.ch\/wp-content\/uploads\/2016\/08\/fahne-200x300.jpg 200w, https:\/\/gtvnaefels.ch\/wp-content\/uploads\/2016\/08\/fahne.jpg 250w\" sizes=\"(max-width: 200px) 100vw, 200px\" \/>Vereinsfahne<\/b><\/span><br \/>\n<span style=\"font-family: arial, helvetica, sans-serif;\">Seit der GTV N\u00e4fels 1938 gegr\u00fcndet wurde, war es dem Verein aus finanziellen Gr\u00fcnden leider nicht m\u00f6glich, eine eigene Vereinsfahne anzuschaffen. Alternativ dazu setzte sich 1979 der damalige Vorstand mit dem befreundeten Verein \u00abBeresina Grenadiere\u00bb in Kontakt, um die Anschaffung einer gemeinsamen Fahne zu diskutieren. Schliesslich einigte man sich auf den gemeinsamen Kauf, so dass wir die Fahne fortan insbesondere beim j\u00e4hrlichen Festumzug der N\u00e4felser Fahrt, an Wettspielen und am Sechsel\u00e4uten sowie an diversen Auftritten ben\u00fctzen durften. Weil die Fahne je zur H\u00e4lfte bezahlt wurde, einigte man sich auf eine schlichte, neutrale \u00abGlarner Fahne\u00bb, ohne dabei die beiden Vereinsnamen zu integrieren.<\/span><\/p>\n<p><span style=\"font-family: arial, helvetica, sans-serif;\">Aber eben \u2013 den Stolz, eine zu 100% eigene Vereinsfahne zu besitzen, konnten wir lange nicht erleben. Schliesslich nahm der Vorstand das Thema \u00abKauf einer eigenen Vereinsfahne\u00bb im Jahr 2001 wieder auf die Traktandenliste. Aufgrund der grossz\u00fcgigen finanziellen Unterst\u00fctzung der Fahnengotte Clara Haller, dem Fahneng\u00f6tti Erwin Landolt sowie unserem gezielten Sparen konnten wir am 4. November 2006 anl\u00e4sslich unseres Unterhaltungsabends \u00abDrumline I\u00bb endlich unsere erste eigene Fahne mit grossem Stolz weihen.<\/span><\/p>\n","protected":false},"excerpt":{"rendered":"<p>Vereinsfahne Seit der GTV N\u00e4fels 1938 gegr\u00fcndet wurde, war es dem Verein aus finanziellen Gr\u00fcnden leider nicht m\u00f6glich, eine eigene Vereinsfahne anzuschaffen. Alternativ dazu setzte sich 1979 der damalige Vorstand [&hellip;]<\/p>\n","protected":false},"author":1,"featured_media":0,"parent":0,"menu_order":0,"comment_status":"closed","ping_status":"closed","template":"","meta":{"footnotes":""},"class_list":["post-312","page","type-page","status-publish","hentry"],"_links":{"self":[{"href":"https:\/\/gtvnaefels.ch\/index.php?rest_route=\/wp\/v2\/pages\/312"}],"collection":[{"href":"https:\/\/gtvnaefels.ch\/index.php?rest_route=\/wp\/v2\/pages"}],"about":[{"href":"https:\/\/gtvnaefels.ch\/index.php?rest_route=\/wp\/v2\/types\/page"}],"author":[{"embeddable":true,"href":"https:\/\/gtvnaefels.ch\/index.php?rest_route=\/wp\/v2\/users\/1"}],"replies":[{"embeddable":true,"href":"https:\/\/gtvnaefels.ch\/index.php?rest_route=%2Fwp%2Fv2%2Fcomments&post=312"}],"version-history":[{"count":1,"href":"https:\/\/gtvnaefels.ch\/index.php?rest_route=\/wp\/v2\/pages\/312\/revisions"}],"predecessor-version":[{"id":314,"href":"https:\/\/gtvnaefels.ch\/index.php?rest_route=\/wp\/v2\/pages\/312\/revisions\/314"}],"wp:attachment":[{"href":"https:\/\/gtvnaefels.ch\/index.php?rest_route=%2Fwp%2Fv2%2Fmedia&parent=312"}],"curies":[{"name":"wp","href":"https:\/\/api.w.org\/{rel}","templated":true}]}}

<p><span style="font-family: arial, helvetica, sans-serif;"><b><img loading="lazy" decoding="async" class="size-medium wp-image-313 alignleft" src="http://localhost/wordpress/wp-content/uploads/2016/08/fahne-200x300.jpg" alt="fahne" width="200" height="300" srcset="https://gtvnaefels.ch/wp-content/uploads/2016/08/fahne-200x300.jpg 200w, https://gtvnaefels.ch/wp-content/uploads/2016/08/fahne.jpg 250w" sizes="(max-width: 200px) 100vw, 200px" />Vereinsfahne</b></span><br />
<span style="font-family: arial, helvetica, sans-serif;">Seit der GTV Näfels 1938 gegründet wurde, war es dem Verein aus finanziellen Gründen leider nicht möglich, eine eigene Vereinsfahne anzuschaffen. Alternativ dazu setzte sich 1979 der damalige Vorstand mit dem befreundeten Verein «Beresina Grenadiere» in Kontakt, um die Anschaffung einer gemeinsamen Fahne zu diskutieren. Schliesslich einigte man sich auf den gemeinsamen Kauf, so dass wir die Fahne fortan insbesondere beim jährlichen Festumzug der Näfelser Fahrt, an Wettspielen und am Sechseläuten sowie an diversen Auftritten benützen durften. Weil die Fahne je zur Hälfte bezahlt wurde, einigte man sich auf eine schlichte, neutrale «Glarner Fahne», ohne dabei die beiden Vereinsnamen zu integrieren.</span></p>
<p><span style="font-family: arial, helvetica, sans-serif;">Aber eben – den Stolz, eine zu 100% eigene Vereinsfahne zu besitzen, konnten wir lange nicht erleben. Schliesslich nahm der Vorstand das Thema «Kauf einer eigenen Vereinsfahne» im Jahr 2001 wieder auf die Traktandenliste. Aufgrund der grosszügigen finanziellen Unterstützung der Fahnengotte Clara Haller, dem Fahnengötti Erwin Landolt sowie unserem gezielten Sparen konnten wir am 4. November 2006 anlässlich unseres Unterhaltungsabends «Drumline I» endlich unsere erste eigene Fahne mit grossem Stolz weihen.</span></p>

<p>Vereinsfahne Seit der GTV Näfels 1938 gegründet wurde, war es dem Verein aus finanziellen Gründen leider nicht möglich, eine eigene Vereinsfahne anzuschaffen. Alternativ dazu setzte sich 1979 der damalige Vorstand [&hellip;]</p>
