{"id":1881,"date":"2020-05-06T22:39:03","date_gmt":"2020-05-06T21:39:03","guid":{"rendered":"http:\/\/gtvnaefels.ch\/?page_id=1881"},"modified":"2024-09-18T18:00:56","modified_gmt":"2024-09-18T17:00:56","slug":"unsere-holztrommeln","status":"publish","type":"page","link":"https:\/\/gtvnaefels.ch\/?page_id=1881","title":{"rendered":"Unsere Holztrommeln"},"content":{"rendered":"<p><img loading=\"lazy\" decoding=\"async\" class=\"size-medium wp-image-1887 alignleft\" src=\"http:\/\/gtvnaefels.ch\/wp-content\/uploads\/2020\/05\/P1070226-225x300.jpg\" alt=\"\" width=\"225\" height=\"300\" srcset=\"https:\/\/gtvnaefels.ch\/wp-content\/uploads\/2020\/05\/P1070226-225x300.jpg 225w, https:\/\/gtvnaefels.ch\/wp-content\/uploads\/2020\/05\/P1070226-768x1024.jpg 768w, https:\/\/gtvnaefels.ch\/wp-content\/uploads\/2020\/05\/P1070226-624x832.jpg 624w\" sizes=\"(max-width: 225px) 100vw, 225px\" \/><\/p>\n<p><b>Holztrommeln der Extraklasse<\/b><br \/>\nIm Rahmen des dritten Unterhaltungsabends \u00abDrumline\u00bb im Jahr 2013 konnten wir uns den langersehnten Traum von vereinseigenen Holztrommeln erf\u00fcllen. Stefan Freiermuth von der Schlebach AG in Basel, selbst Schweizermeister sowohl im Einzel als auch im Sektionstrommeln, sorgte daf\u00fcr, dass wir 25 Instrumente der Sonderklasse in unser Inventar aufnehmen konnten.<\/p>\n<p>Unsere \u00abStradivaris\u00bb sind mit extra d\u00fcnnwandigen Zargen und den modernsten Saiten ausger\u00fcstet. Damit liefern diese einen angenehmen und doch scharfen Ton, welcher die Pr\u00e4zisionsarbeit der Tambouren optimal wiedergibt. Die Trommeln stehen der Stammsektion und der Jungtambourensektion jeweils f\u00fcr Wettspiele zur Verf\u00fcgung. An speziellen Anl\u00e4ssen zeigen wir unsere Holztrommeln jedoch auch an Konzertauftritten.<\/p>\n","protected":false},"excerpt":{"rendered":"<p>Holztrommeln der Extraklasse Im Rahmen des dritten Unterhaltungsabends \u00abDrumline\u00bb im Jahr 2013 konnten wir uns den langersehnten Traum von vereinseigenen Holztrommeln erf\u00fcllen. Stefan Freiermuth von der Schlebach AG in Basel, [&hellip;]<\/p>\n","protected":false},"author":2,"featured_media":0,"parent":0,"menu_order":0,"comment_status":"closed","ping_status":"closed","template":"","meta":{"footnotes":""},"class_list":["post-1881","page","type-page","status-publish","hentry"],"_links":{"self":[{"href":"https:\/\/gtvnaefels.ch\/index.php?rest_route=\/wp\/v2\/pages\/1881"}],"collection":[{"href":"https:\/\/gtvnaefels.ch\/index.php?rest_route=\/wp\/v2\/pages"}],"about":[{"href":"https:\/\/gtvnaefels.ch\/index.php?rest_route=\/wp\/v2\/types\/page"}],"author":[{"embeddable":true,"href":"https:\/\/gtvnaefels.ch\/index.php?rest_route=\/wp\/v2\/users\/2"}],"replies":[{"embeddable":true,"href":"https:\/\/gtvnaefels.ch\/index.php?rest_route=%2Fwp%2Fv2%2Fcomments&post=1881"}],"version-history":[{"count":3,"href":"https:\/\/gtvnaefels.ch\/index.php?rest_route=\/wp\/v2\/pages\/1881\/revisions"}],"predecessor-version":[{"id":2328,"href":"https:\/\/gtvnaefels.ch\/index.php?rest_route=\/wp\/v2\/pages\/1881\/revisions\/2328"}],"wp:attachment":[{"href":"https:\/\/gtvnaefels.ch\/index.php?rest_route=%2Fwp%2Fv2%2Fmedia&parent=1881"}],"curies":[{"name":"wp","href":"https:\/\/api.w.org\/{rel}","templated":true}]}}